{"id":19,"date":"2019-12-03T19:06:17","date_gmt":"2019-12-03T18:06:17","guid":{"rendered":"http:\/\/alexiawattel.art\/?page_id=19"},"modified":"2019-12-06T01:00:39","modified_gmt":"2019-12-06T00:00:39","slug":"qui-suis-je","status":"publish","type":"page","link":"https:\/\/alexiawattel.art\/index.php\/qui-suis-je\/","title":{"rendered":"Qui suis-je ?"},"content":{"rendered":"\n<div class=\"wp-block-image is-style-circle-mask\"><figure class=\"alignleft size-large is-resized\"><img loading=\"lazy\" decoding=\"async\" src=\"http:\/\/alexiawattel.art\/wp-content\/uploads\/2019\/12\/20190317_125631-1024x768.jpg\" alt=\"\" class=\"wp-image-31\" width=\"256\" height=\"192\" srcset=\"https:\/\/alexiawattel.art\/wp-content\/uploads\/2019\/12\/20190317_125631-1024x768.jpg 1024w, https:\/\/alexiawattel.art\/wp-content\/uploads\/2019\/12\/20190317_125631-300x225.jpg 300w, https:\/\/alexiawattel.art\/wp-content\/uploads\/2019\/12\/20190317_125631-768x576.jpg 768w, https:\/\/alexiawattel.art\/wp-content\/uploads\/2019\/12\/20190317_125631-1536x1152.jpg 1536w, https:\/\/alexiawattel.art\/wp-content\/uploads\/2019\/12\/20190317_125631-2048x1536.jpg 2048w, https:\/\/alexiawattel.art\/wp-content\/uploads\/2019\/12\/20190317_125631-690x518.jpg 690w, https:\/\/alexiawattel.art\/wp-content\/uploads\/2019\/12\/20190317_125631-980x735.jpg 980w\" sizes=\"auto, (max-width: 256px) 100vw, 256px\" \/><\/figure><\/div>\n\n\n\n<p>Ag\u00e9e aujourd&#8217;hui d&#8217;une quarantaine d&#8217;ann\u00e9es, j&#8217;ai d\u00e9but\u00e9 la peinture alors que je n&#8217;avais pas encore 20 ans. Je suis curieuse des impressions, des sentiments, des formes qui se retrouvent dans mes oeuvres.  Je sais parfois \u00eatre plus &#8220;conformiste&#8221; mais la couleur et le relief restent ma signature artistique. <\/p>\n\n\n\n<p>Je suis mari\u00e9e et m\u00e8re de trois enfants, ce qui laisse peu de place \u00e0 la peinture. Je ne peux vivre aujourd&#8217;hui de ma production. Mon m\u00e9tier est professeur des \u00e9coles. Mon travail artistique avec mes \u00e9l\u00e8ves a d&#8217;ailleurs \u00e9t\u00e9 pl\u00e9biscit\u00e9 lors d&#8217;une r\u00e9cente inspection.<\/p>\n\n\n\n<p>Je m&#8217;inspire de tout ce que je peux voir autour de moi mais aussi des mes sentiments les plus profonds. <\/p>\n\n\n\n<p>Merci de votre passage sur cette page.<\/p>\n","protected":false},"excerpt":{"rendered":"<p>Ag\u00e9e aujourd&#8217;hui d&#8217;une quarantaine d&#8217;ann\u00e9es, j&#8217;ai d\u00e9but\u00e9 la peinture alors que je n&#8217;avais pas encore 20 ans. Je suis curieuse des impressions, des sentiments, des formes qui se retrouvent dans mes oeuvres. Je sais parfois \u00eatre plus &#8220;conformiste&#8221; mais la couleur et le relief restent ma signature artistique. Je suis mari\u00e9e et m\u00e8re de trois [&hellip;]<\/p>\n","protected":false},"author":2,"featured_media":0,"parent":0,"menu_order":0,"comment_status":"closed","ping_status":"closed","template":"","meta":{"footnotes":""},"class_list":["post-19","page","type-page","status-publish","hentry"],"_links":{"self":[{"href":"https:\/\/alexiawattel.art\/index.php\/wp-json\/wp\/v2\/pages\/19","targetHints":{"allow":["GET"]}}],"collection":[{"href":"https:\/\/alexiawattel.art\/index.php\/wp-json\/wp\/v2\/pages"}],"about":[{"href":"https:\/\/alexiawattel.art\/index.php\/wp-json\/wp\/v2\/types\/page"}],"author":[{"embeddable":true,"href":"https:\/\/alexiawattel.art\/index.php\/wp-json\/wp\/v2\/users\/2"}],"replies":[{"embeddable":true,"href":"https:\/\/alexiawattel.art\/index.php\/wp-json\/wp\/v2\/comments?post=19"}],"version-history":[{"count":4,"href":"https:\/\/alexiawattel.art\/index.php\/wp-json\/wp\/v2\/pages\/19\/revisions"}],"predecessor-version":[{"id":35,"href":"https:\/\/alexiawattel.art\/index.php\/wp-json\/wp\/v2\/pages\/19\/revisions\/35"}],"wp:attachment":[{"href":"https:\/\/alexiawattel.art\/index.php\/wp-json\/wp\/v2\/media?parent=19"}],"curies":[{"name":"wp","href":"https:\/\/api.w.org\/{rel}","templated":true}]}}